{"id":3172,"date":"2020-11-11T11:17:30","date_gmt":"2020-11-11T10:17:30","guid":{"rendered":"https:\/\/www.carolinebouvier.fr\/?post_type=product&#038;p=3172"},"modified":"2020-11-15T14:16:36","modified_gmt":"2020-11-15T13:16:36","slug":"manteau-ava-2","status":"publish","type":"product","link":"https:\/\/www.carolinebouvier.fr\/en\/product\/manteau-ava-2\/","title":{"rendered":"Ava Coat"},"content":{"rendered":"","protected":false},"excerpt":{"rendered":"<p>[fusion_button link=\"https:\/\/www.carolinebouvier.fr\/e-boutique\/les-pieces-uniques-la-e-boutique\/\" text_transform=\"\" title=\"\" target=\"_self\" link_attributes=\"\" alignment=\"left\" modal=\"\" hide_on_mobile=\"small-visibility,medium-visibility,large-visibility\" class=\"\" id=\"\" color=\"default\" button_gradient_top_color=\"\" button_gradient_bottom_color=\"\" button_gradient_top_color_hover=\"\" button_gradient_bottom_color_hover=\"\" accent_color=\"\" accent_hover_color=\"\" type=\"\" bevel_color=\"\" border_width=\"\" border_radius=\"\" border_color=\"\" border_hover_color=\"\" size=\"\" stretch=\"no\" icon=\"fa-chevron-left fas\" icon_position=\"left\" icon_divider=\"no\" animation_type=\"\" animation_direction=\"left\" animation_speed=\"0.3\" animation_offset=\"\"]Back Unique pieces[\/fusion_button] [fusion_separator style_type=\"single solid\" hide_on_mobile=\"small-visibility,medium-visibility,large-visibility\" class=\"\" id=\"\" sep_color=\"\" top_margin=\"30px\" bottom_margin=\"20px\" border_size=\"\" icon=\"\" icon_size=\"\" icon_circle=\"\" icon_circle_color=\"\" width=\"\" alignment=\"center\"][\/fusion_separator]<\/p>\n<p class=\"Corps\"> Le manteau long au look des Fiftie&rsquo;s. Poches int\u00e9gr\u00e9es.<br \/>\n<strong> T38<br \/>\n<strong> Con\u00e7u \u00e0 partir d&rsquo;un tissu textur\u00e9 de fibres de bambou et de lin pour le plaisir des adeptes de mati\u00e8res naturelles ! <\/p>\n<p>Can't find your size?  <strong><a href=\"https:\/\/www.carolinebouvier.fr\/en\/nous-trouver\/\">Make an appointment!<\/a><\/strong> All of our unique pieces are custom made, so we can meet your customization requests. [fusion_separator style_type=\"single solid\" hide_on_mobile=\"small-visibility,medium-visibility,large-visibility\" class=\"\" id=\"\" sep_color=\"\" top_margin=\"\" bottom_margin=\"20px\" border_size=\"\" icon=\"\" icon_size=\"\" icon_circle=\"\" icon_circle_color=\"\" width=\"\" alignment=\"center\"][\/fusion_separator]<\/p>","protected":false},"featured_media":3173,"template":"","meta":[],"product_brand":[],"product_cat":[23],"product_tag":[],"class_list":{"0":"post-3172","1":"product","2":"type-product","3":"status-publish","4":"has-post-thumbnail","6":"product_cat-les-pieces-uniques","8":"first","9":"instock","10":"sold-individually","11":"shipping-taxable","12":"purchasable","13":"product-type-simple"},"yoast_head":"<!-- This site is optimized with the Yoast SEO plugin v26.5 - https:\/\/yoast.com\/wordpress\/plugins\/seo\/ -->\n<title>Manteau Ava - Caroline Bouvier<\/title>\n<meta name=\"robots\" content=\"index, follow, max-snippet:-1, max-image-preview:large, max-video-preview:-1\" \/>\n<link rel=\"canonical\" href=\"https:\/\/www.carolinebouvier.fr\/en\/product\/manteau-ava-2\/\" \/>\n<meta property=\"og:locale\" content=\"en_US\" \/>\n<meta property=\"og:type\" content=\"article\" \/>\n<meta property=\"og:title\" content=\"Manteau Ava - Caroline Bouvier\" \/>\n<meta property=\"og:description\" content=\"Le manteau long au look des Fiftie&#039;s. Poches int\u00e9gr\u00e9es.  T38  Con\u00e7u \u00e0 partir d&#039;un tissu textur\u00e9 de fibres de bambou et de lin pour le plaisir des adeptes de mati\u00e8res naturelles !   Vous ne trouvez pas votre taille ? Prenez rendez-vous ! Toutes nos pi\u00e8ces uniques \u00e9tant con\u00e7ues sur-mesure, nous pouvons r\u00e9pondre \u00e0 vos demandes de personnalisation.\" \/>\n<meta property=\"og:url\" content=\"https:\/\/www.carolinebouvier.fr\/en\/product\/manteau-ava-2\/\" \/>\n<meta property=\"og:site_name\" content=\"Caroline Bouvier\" \/>\n<meta property=\"article:publisher\" content=\"https:\/\/www.facebook.com\/carolinebouvierofficiel\/\" \/>\n<meta property=\"article:modified_time\" content=\"2020-11-15T13:16:36+00:00\" \/>\n<meta property=\"og:image\" content=\"https:\/\/www.carolinebouvier.fr\/wp-content\/uploads\/2020\/11\/20201103_162057-scaled.jpg\" \/>\n\t<meta property=\"og:image:width\" content=\"1500\" \/>\n\t<meta property=\"og:image:height\" content=\"2000\" \/>\n\t<meta property=\"og:image:type\" content=\"image\/jpeg\" \/>\n<meta name=\"twitter:card\" content=\"summary_large_image\" \/>\n<meta name=\"twitter:site\" content=\"@OfficielBouvier\" \/>\n<script type=\"application\/ld+json\" class=\"yoast-schema-graph\">{\"@context\":\"https:\/\/schema.org\",\"@graph\":[{\"@type\":\"WebPage\",\"@id\":\"https:\/\/www.carolinebouvier.fr\/produit\/manteau-ava-2\/\",\"url\":\"https:\/\/www.carolinebouvier.fr\/produit\/manteau-ava-2\/\",\"name\":\"Manteau Ava - Caroline Bouvier\",\"isPartOf\":{\"@id\":\"https:\/\/www.carolinebouvier.fr\/#website\"},\"primaryImageOfPage\":{\"@id\":\"https:\/\/www.carolinebouvier.fr\/produit\/manteau-ava-2\/#primaryimage\"},\"image\":{\"@id\":\"https:\/\/www.carolinebouvier.fr\/produit\/manteau-ava-2\/#primaryimage\"},\"thumbnailUrl\":\"https:\/\/www.carolinebouvier.fr\/wp-content\/uploads\/2020\/11\/20201103_162057-scaled.jpg\",\"datePublished\":\"2020-11-11T10:17:30+00:00\",\"dateModified\":\"2020-11-15T13:16:36+00:00\",\"breadcrumb\":{\"@id\":\"https:\/\/www.carolinebouvier.fr\/produit\/manteau-ava-2\/#breadcrumb\"},\"inLanguage\":\"en-US\",\"potentialAction\":[{\"@type\":\"ReadAction\",\"target\":[\"https:\/\/www.carolinebouvier.fr\/produit\/manteau-ava-2\/\"]}]},{\"@type\":\"ImageObject\",\"inLanguage\":\"en-US\",\"@id\":\"https:\/\/www.carolinebouvier.fr\/produit\/manteau-ava-2\/#primaryimage\",\"url\":\"https:\/\/www.carolinebouvier.fr\/wp-content\/uploads\/2020\/11\/20201103_162057-scaled.jpg\",\"contentUrl\":\"https:\/\/www.carolinebouvier.fr\/wp-content\/uploads\/2020\/11\/20201103_162057-scaled.jpg\",\"width\":1500,\"height\":2000,\"caption\":\"Caroline Bouvier Les Pi\u00e8ces Uniques Manteau Ava\"},{\"@type\":\"BreadcrumbList\",\"@id\":\"https:\/\/www.carolinebouvier.fr\/produit\/manteau-ava-2\/#breadcrumb\",\"itemListElement\":[{\"@type\":\"ListItem\",\"position\":1,\"name\":\"Accueil\",\"item\":\"https:\/\/www.carolinebouvier.fr\/\"},{\"@type\":\"ListItem\",\"position\":2,\"name\":\"Produits\",\"item\":\"https:\/\/www.carolinebouvier.fr\/shop\/\"},{\"@type\":\"ListItem\",\"position\":3,\"name\":\"Manteau Ava\"}]},{\"@type\":\"WebSite\",\"@id\":\"https:\/\/www.carolinebouvier.fr\/#website\",\"url\":\"https:\/\/www.carolinebouvier.fr\/\",\"name\":\"Caroline Bouvier\",\"description\":\"Maison de couture\",\"publisher\":{\"@id\":\"https:\/\/www.carolinebouvier.fr\/#organization\"},\"potentialAction\":[{\"@type\":\"SearchAction\",\"target\":{\"@type\":\"EntryPoint\",\"urlTemplate\":\"https:\/\/www.carolinebouvier.fr\/?s={search_term_string}\"},\"query-input\":{\"@type\":\"PropertyValueSpecification\",\"valueRequired\":true,\"valueName\":\"search_term_string\"}}],\"inLanguage\":\"en-US\"},{\"@type\":\"Organization\",\"@id\":\"https:\/\/www.carolinebouvier.fr\/#organization\",\"name\":\"Caroline Bouvier\",\"url\":\"https:\/\/www.carolinebouvier.fr\/\",\"logo\":{\"@type\":\"ImageObject\",\"inLanguage\":\"en-US\",\"@id\":\"https:\/\/www.carolinebouvier.fr\/#\/schema\/logo\/image\/\",\"url\":\"https:\/\/www.carolinebouvier.fr\/wp-content\/uploads\/2017\/07\/Caroline-Bouvier-LOGO-300px.png\",\"contentUrl\":\"https:\/\/www.carolinebouvier.fr\/wp-content\/uploads\/2017\/07\/Caroline-Bouvier-LOGO-300px.png\",\"width\":300,\"height\":44,\"caption\":\"Caroline Bouvier\"},\"image\":{\"@id\":\"https:\/\/www.carolinebouvier.fr\/#\/schema\/logo\/image\/\"},\"sameAs\":[\"https:\/\/www.facebook.com\/carolinebouvierofficiel\/\",\"https:\/\/x.com\/OfficielBouvier\"]}]}<\/script>\n<!-- \/ Yoast SEO plugin. -->","yoast_head_json":{"title":"Manteau Ava - Caroline Bouvier","robots":{"index":"index","follow":"follow","max-snippet":"max-snippet:-1","max-image-preview":"max-image-preview:large","max-video-preview":"max-video-preview:-1"},"canonical":"https:\/\/www.carolinebouvier.fr\/en\/product\/manteau-ava-2\/","og_locale":"en_US","og_type":"article","og_title":"Manteau Ava - Caroline Bouvier","og_description":"Le manteau long au look des Fiftie's. Poches int\u00e9gr\u00e9es.  T38  Con\u00e7u \u00e0 partir d'un tissu textur\u00e9 de fibres de bambou et de lin pour le plaisir des adeptes de mati\u00e8res naturelles !   Vous ne trouvez pas votre taille ? Prenez rendez-vous ! Toutes nos pi\u00e8ces uniques \u00e9tant con\u00e7ues sur-mesure, nous pouvons r\u00e9pondre \u00e0 vos demandes de personnalisation.","og_url":"https:\/\/www.carolinebouvier.fr\/en\/product\/manteau-ava-2\/","og_site_name":"Caroline Bouvier","article_publisher":"https:\/\/www.facebook.com\/carolinebouvierofficiel\/","article_modified_time":"2020-11-15T13:16:36+00:00","og_image":[{"width":1500,"height":2000,"url":"https:\/\/www.carolinebouvier.fr\/wp-content\/uploads\/2020\/11\/20201103_162057-scaled.jpg","type":"image\/jpeg"}],"twitter_card":"summary_large_image","twitter_site":"@OfficielBouvier","schema":{"@context":"https:\/\/schema.org","@graph":[{"@type":"WebPage","@id":"https:\/\/www.carolinebouvier.fr\/produit\/manteau-ava-2\/","url":"https:\/\/www.carolinebouvier.fr\/produit\/manteau-ava-2\/","name":"Manteau Ava - Caroline Bouvier","isPartOf":{"@id":"https:\/\/www.carolinebouvier.fr\/#website"},"primaryImageOfPage":{"@id":"https:\/\/www.carolinebouvier.fr\/produit\/manteau-ava-2\/#primaryimage"},"image":{"@id":"https:\/\/www.carolinebouvier.fr\/produit\/manteau-ava-2\/#primaryimage"},"thumbnailUrl":"https:\/\/www.carolinebouvier.fr\/wp-content\/uploads\/2020\/11\/20201103_162057-scaled.jpg","datePublished":"2020-11-11T10:17:30+00:00","dateModified":"2020-11-15T13:16:36+00:00","breadcrumb":{"@id":"https:\/\/www.carolinebouvier.fr\/produit\/manteau-ava-2\/#breadcrumb"},"inLanguage":"en-US","potentialAction":[{"@type":"ReadAction","target":["https:\/\/www.carolinebouvier.fr\/produit\/manteau-ava-2\/"]}]},{"@type":"ImageObject","inLanguage":"en-US","@id":"https:\/\/www.carolinebouvier.fr\/produit\/manteau-ava-2\/#primaryimage","url":"https:\/\/www.carolinebouvier.fr\/wp-content\/uploads\/2020\/11\/20201103_162057-scaled.jpg","contentUrl":"https:\/\/www.carolinebouvier.fr\/wp-content\/uploads\/2020\/11\/20201103_162057-scaled.jpg","width":1500,"height":2000,"caption":"Caroline Bouvier Les Pi\u00e8ces Uniques Manteau Ava"},{"@type":"BreadcrumbList","@id":"https:\/\/www.carolinebouvier.fr\/produit\/manteau-ava-2\/#breadcrumb","itemListElement":[{"@type":"ListItem","position":1,"name":"Accueil","item":"https:\/\/www.carolinebouvier.fr\/"},{"@type":"ListItem","position":2,"name":"Produits","item":"https:\/\/www.carolinebouvier.fr\/shop\/"},{"@type":"ListItem","position":3,"name":"Manteau Ava"}]},{"@type":"WebSite","@id":"https:\/\/www.carolinebouvier.fr\/#website","url":"https:\/\/www.carolinebouvier.fr\/","name":"Caroline Bouvier","description":"Fashion house","publisher":{"@id":"https:\/\/www.carolinebouvier.fr\/#organization"},"potentialAction":[{"@type":"SearchAction","target":{"@type":"EntryPoint","urlTemplate":"https:\/\/www.carolinebouvier.fr\/?s={search_term_string}"},"query-input":{"@type":"PropertyValueSpecification","valueRequired":true,"valueName":"search_term_string"}}],"inLanguage":"en-US"},{"@type":"Organization","@id":"https:\/\/www.carolinebouvier.fr\/#organization","name":"Caroline Bouvier","url":"https:\/\/www.carolinebouvier.fr\/","logo":{"@type":"ImageObject","inLanguage":"en-US","@id":"https:\/\/www.carolinebouvier.fr\/#\/schema\/logo\/image\/","url":"https:\/\/www.carolinebouvier.fr\/wp-content\/uploads\/2017\/07\/Caroline-Bouvier-LOGO-300px.png","contentUrl":"https:\/\/www.carolinebouvier.fr\/wp-content\/uploads\/2017\/07\/Caroline-Bouvier-LOGO-300px.png","width":300,"height":44,"caption":"Caroline Bouvier"},"image":{"@id":"https:\/\/www.carolinebouvier.fr\/#\/schema\/logo\/image\/"},"sameAs":["https:\/\/www.facebook.com\/carolinebouvierofficiel\/","https:\/\/x.com\/OfficielBouvier"]}]}},"_links":{"self":[{"href":"https:\/\/www.carolinebouvier.fr\/en\/wp-json\/wp\/v2\/product\/3172","targetHints":{"allow":["GET"]}}],"collection":[{"href":"https:\/\/www.carolinebouvier.fr\/en\/wp-json\/wp\/v2\/product"}],"about":[{"href":"https:\/\/www.carolinebouvier.fr\/en\/wp-json\/wp\/v2\/types\/product"}],"wp:featuredmedia":[{"embeddable":true,"href":"https:\/\/www.carolinebouvier.fr\/en\/wp-json\/wp\/v2\/media\/3173"}],"wp:attachment":[{"href":"https:\/\/www.carolinebouvier.fr\/en\/wp-json\/wp\/v2\/media?parent=3172"}],"wp:term":[{"taxonomy":"product_brand","embeddable":true,"href":"https:\/\/www.carolinebouvier.fr\/en\/wp-json\/wp\/v2\/product_brand?post=3172"},{"taxonomy":"product_cat","embeddable":true,"href":"https:\/\/www.carolinebouvier.fr\/en\/wp-json\/wp\/v2\/product_cat?post=3172"},{"taxonomy":"product_tag","embeddable":true,"href":"https:\/\/www.carolinebouvier.fr\/en\/wp-json\/wp\/v2\/product_tag?post=3172"}],"curies":[{"name":"wp","href":"https:\/\/api.w.org\/{rel}","templated":true}]}}

<p>[fusion_button link="https://www.carolinebouvier.fr/e-boutique/les-pieces-uniques-la-e-boutique/" text_transform="" title="" target="_self" link_attributes="" alignment="left" modal="" hide_on_mobile="small-visibility,medium-visibility,large-visibility" class="" id="" color="default" button_gradient_top_color="" button_gradient_bottom_color="" button_gradient_top_color_hover="" button_gradient_bottom_color_hover="" accent_color="" accent_hover_color="" type="" bevel_color="" border_width="" border_radius="" border_color="" border_hover_color="" size="" stretch="no" icon="fa-chevron-left fas" icon_position="left" icon_divider="no" animation_type="" animation_direction="left" animation_speed="0.3" animation_offset=""]Back Unique pieces[/fusion_button] [fusion_separator style_type="single solid" hide_on_mobile="small-visibility,medium-visibility,large-visibility" class="" id="" sep_color="" top_margin="30px" bottom_margin="20px" border_size="" icon="" icon_size="" icon_circle="" icon_circle_color="" width="" alignment="center"][/fusion_separator]</p>
<p class="Corps"> Le manteau long au look des Fiftie&rsquo;s. Poches intégrées.<br />
<strong> T38<br />
<strong> Conçu à partir d&rsquo;un tissu texturé de fibres de bambou et de lin pour le plaisir des adeptes de matières naturelles ! </p>
<p>Can't find your size?  <strong><a href="https://www.carolinebouvier.fr/en/nous-trouver/">Make an appointment!</a></strong> All of our unique pieces are custom made, so we can meet your customization requests. [fusion_separator style_type="single solid" hide_on_mobile="small-visibility,medium-visibility,large-visibility" class="" id="" sep_color="" top_margin="" bottom_margin="20px" border_size="" icon="" icon_size="" icon_circle="" icon_circle_color="" width="" alignment="center"][/fusion_separator]</p>

<!-- This site is optimized with the Yoast SEO plugin v26.5 - https://yoast.com/wordpress/plugins/seo/ -->
<title>Manteau Ava - Caroline Bouvier</title>
<meta name="robots" content="index, follow, max-snippet:-1, max-image-preview:large, max-video-preview:-1" />
<link rel="canonical" href="https://www.carolinebouvier.fr/en/product/manteau-ava-2/" />
<meta property="og:locale" content="en_US" />
<meta property="og:type" content="article" />
<meta property="og:title" content="Manteau Ava - Caroline Bouvier" />
<meta property="og:description" content="Le manteau long au look des Fiftie&#039;s. Poches intégrées.  T38  Conçu à partir d&#039;un tissu texturé de fibres de bambou et de lin pour le plaisir des adeptes de matières naturelles !   Vous ne trouvez pas votre taille ? Prenez rendez-vous ! Toutes nos pièces uniques étant conçues sur-mesure, nous pouvons répondre à vos demandes de personnalisation." />
<meta property="og:url" content="https://www.carolinebouvier.fr/en/product/manteau-ava-2/" />
<meta property="og:site_name" content="Caroline Bouvier" />
<meta property="article:publisher" content="https://www.facebook.com/carolinebouvierofficiel/" />
<meta property="article:modified_time" content="2020-11-15T13:16:36+00:00" />
<meta property="og:image" content="https://www.carolinebouvier.fr/wp-content/uploads/2020/11/20201103_162057-scaled.jpg" />
	<meta property="og:image:width" content="1500" />
	<meta property="og:image:height" content="2000" />
	<meta property="og:image:type" content="image/jpeg" />
<meta name="twitter:card" content="summary_large_image" />
<meta name="twitter:site" content="@OfficielBouvier" />
<script type="application/ld+json" class="yoast-schema-graph">{"@context":"https://schema.org","@graph":[{"@type":"WebPage","@id":"https://www.carolinebouvier.fr/produit/manteau-ava-2/","url":"https://www.carolinebouvier.fr/produit/manteau-ava-2/","name":"Manteau Ava - Caroline Bouvier","isPartOf":{"@id":"https://www.carolinebouvier.fr/#website"},"primaryImageOfPage":{"@id":"https://www.carolinebouvier.fr/produit/manteau-ava-2/#primaryimage"},"image":{"@id":"https://www.carolinebouvier.fr/produit/manteau-ava-2/#primaryimage"},"thumbnailUrl":"https://www.carolinebouvier.fr/wp-content/uploads/2020/11/20201103_162057-scaled.jpg","datePublished":"2020-11-11T10:17:30+00:00","dateModified":"2020-11-15T13:16:36+00:00","breadcrumb":{"@id":"https://www.carolinebouvier.fr/produit/manteau-ava-2/#breadcrumb"},"inLanguage":"en-US","potentialAction":[{"@type":"ReadAction","target":["https://www.carolinebouvier.fr/produit/manteau-ava-2/"]}]},{"@type":"ImageObject","inLanguage":"en-US","@id":"https://www.carolinebouvier.fr/produit/manteau-ava-2/#primaryimage","url":"https://www.carolinebouvier.fr/wp-content/uploads/2020/11/20201103_162057-scaled.jpg","contentUrl":"https://www.carolinebouvier.fr/wp-content/uploads/2020/11/20201103_162057-scaled.jpg","width":1500,"height":2000,"caption":"Caroline Bouvier Les Pièces Uniques Manteau Ava"},{"@type":"BreadcrumbList","@id":"https://www.carolinebouvier.fr/produit/manteau-ava-2/#breadcrumb","itemListElement":[{"@type":"ListItem","position":1,"name":"Accueil","item":"https://www.carolinebouvier.fr/"},{"@type":"ListItem","position":2,"name":"Produits","item":"https://www.carolinebouvier.fr/shop/"},{"@type":"ListItem","position":3,"name":"Manteau Ava"}]},{"@type":"WebSite","@id":"https://www.carolinebouvier.fr/#website","url":"https://www.carolinebouvier.fr/","name":"Caroline Bouvier","description":"Maison de couture","publisher":{"@id":"https://www.carolinebouvier.fr/#organization"},"potentialAction":[{"@type":"SearchAction","target":{"@type":"EntryPoint","urlTemplate":"https://www.carolinebouvier.fr/?s={search_term_string}"},"query-input":{"@type":"PropertyValueSpecification","valueRequired":true,"valueName":"search_term_string"}}],"inLanguage":"en-US"},{"@type":"Organization","@id":"https://www.carolinebouvier.fr/#organization","name":"Caroline Bouvier","url":"https://www.carolinebouvier.fr/","logo":{"@type":"ImageObject","inLanguage":"en-US","@id":"https://www.carolinebouvier.fr/#/schema/logo/image/","url":"https://www.carolinebouvier.fr/wp-content/uploads/2017/07/Caroline-Bouvier-LOGO-300px.png","contentUrl":"https://www.carolinebouvier.fr/wp-content/uploads/2017/07/Caroline-Bouvier-LOGO-300px.png","width":300,"height":44,"caption":"Caroline Bouvier"},"image":{"@id":"https://www.carolinebouvier.fr/#/schema/logo/image/"},"sameAs":["https://www.facebook.com/carolinebouvierofficiel/","https://x.com/OfficielBouvier"]}]}</script>
<!-- / Yoast SEO plugin. -->

Le manteau long au look des Fiftie's. Poches intégrées.  T38  Conçu à partir d'un tissu texturé de fibres de bambou et de lin pour le plaisir des adeptes de matières naturelles !   Vous ne trouvez pas votre taille ? Prenez rendez-vous ! Toutes nos pièces uniques étant conçues sur-mesure, nous pouvons répondre à vos demandes de personnalisation.

Caroline Bouvier Les Pièces Uniques Manteau Ava
